 = 2*s. Let l(z) = s*b(z) + 5*q(z). What is l(2)?
5
Let k(q) = -16 + 0*q + 8*q - 4*q + 23. Give k(-5).
-13
Let b(s) = -2*s**2 + s - 1. Let n be (-2 + 2)/(4/(-2)). Suppose n = -w + 3*u - 10, u = -w + 6 - 4. Let m be ((-4)/10)/(w/5). Give b(m).
-7
Let l(c) = c**2 + 7*c - 4. Let v be 3*-1*7/3. Calculate l(v).
-4
Suppose 0 = -3*t - 5*g + 42 + 11, 4*t - g = 63. Suppose 3 = 9*x - 33. Let h(p) = x*p**3 + t + p**2 - 6 - 5*p**3 + 0*p**2. Give h(0).
10
Let j(m) = -2*m**3 - 5*m**2 - 3*m - 4. Let t(k) = 3*k**3 + 6*k**2 + 4*k + 5. Let h(p) = -4*j(p) - 3*t(p). Give h(2).
1
Suppose 0 = l - 4*l. Let a(o) = 3 + l + o**2 + 4*o + 0 + 2*o. Determine a(-6).
3
Let c(k) = -k**2 + 5*k + 6. Suppose 3*t - 2*o = 4, 0*t - 4*o = -2*t. Suppose -4*f + t*n + 3*n + 24 = 0, f = -5*n + 6. Give c(f).
0
Suppose -16 + 70 = -9*d. Let s(b) be the first derivative of -b**3/3 - 7*b**2/2 - b - 2. What is s(d)?
5
Let l(s) = -1 + 6*s - 5*s + 5*s + 0. Let z(u) = -u**3 - 2*u**2 - 3*u - 1. Let o be z(-2). Suppose 0*g = 4*g + o*j - 14, -4*g - 3*j = -10. What is l(g)?
5
Let n(o) = -7*o - 11. Let f(c) = c + 2. Let z(k) = 6*f(k) + n(k). Determine z(-3).
4
Let s(t) = -t - 6. Let x be s(-5). Let r(f) = -4 + 2 - 5*f**2 + 0 - 2 - f. Let u(c) = c**2 + 1. Let a(q) = x*r(q) - 4*u(q). Calculate a(1).
2
Let k = 3 + -1. Let z(w) = -w**k + 6*w + 11 - w - 5. Let n be (-1 - 0)*1/(-1)*5. Give z(n).
6
Let o(b) = -2*b + 30. Let z be o(11). Let h(a) = a**3 - 7*a**2 - 8*a - 5. Give h(z).
-5
Let o be -4*(-3)/4 + -1. Let t(s) be the second derivative of s**5/20 - s**4/6 - s**3/3 + s**2 - s. What is t(o)?
-2
Suppose -3 = 3*u + 3*n + 15, u + 5*n = -22. Let p(h) be the second derivative of -h**3/6 - 3*h. Calculate p(u).
2
Let u = -5 + -11. Let b(a) = -10*a - 4. Let j(f) = -3*f - 1. Let s(c) = u*j(c) + 5*b(c). Suppose -5*d = 14 + 6. Give s(d).
4
Let u(n) = -2*n - 3 + 3*n - 2*n + 0. Calculate u(9).
-12
Let l(q) = 7*q - 1. Let x = -13 - -12. Determine l(x).
-8
Let b(h) = -10*h**2 + 2*h - 3. Let i(j) = 19*j**2 - 3*j + 5. Let r(g) = -5*b(g) - 3*i(g). Calculate r(1).
-8
Let p be 4*(5/(-4))/1. Let t(i) = i**3 + 2*i**2 - 4*i + 1. Let g be t(-3). Let y(f) = -g*f**2 - 1 - 2*f**3 - 2*f**3 + 4*f + 3*f**3. What is y(p)?
4
Let p(u) = -1 - 4*u**3 + 4*u**3 - u - 3*u**3 + 0*u**3. Let l(r) = -r**3 + 9*r**2 - 1. Let k be l(9). Calculate p(k).
3
Let i(z) be the first derivative of z**3 - 7/120*z**5 + 0*z**4 + 0*z**2 - 1 + 0*z. Let n(m) be the third derivative of i(m). Determine n(-1).
7
Let w(a) = a**3 - 5*a**2 + a + 1. Let q(i) = i**3 - 5*i**2 + 2*i + 1. Let v(c) = -c**2 - c. Let m(t) = q(t) + v(t). Let d(b) = -5*m(b) + 6*w(b). Give d(2).
11
Let q(n) = -2*n**2 + 4*n + 7. Let m(y) = y**2 - 2*y - 3. Let v(s) = 5*m(s) + 3*q(s). Give v(5).
-9
Let g(i) = 6*i**3 + 8*i**2 + 3*i + 5. Let o(f) = -f**3 - f**2 - 1. Let r(k) = -g(k) - 5*o(k). Let q = -15 + 11. Let b be (q/10)/((-2)/(-10)). Calculate r(b).
2
Let f(v) = 11 + 0*v - 4 - 8 + 3*v. Give f(-2).
-7
Let n(t) = -10*t**2 + 3*t - 19. Let s(q) = -7*q**2 + 2*q - 13. Let u(w) = -w**3 + 4*w**2 - 4. Let g be u(3). Let l(r) = g*n(r) - 7*s(r). What is l(0)?
-4
Let w(z) = 3*z + 3. Suppose 0 = -v - 6 + 4. Let q be 3 - (2 - (0 - v)). Let p(s) = -4*s - 4. Let h(m) = q*w(m) + 2*p(m). Give h(-3).
-2
Let j(u) = -u - 2. Let p(f) = -f**2 - 14*f + 12. Let m be p(-14). Suppose -m = i - 4. Calculate j(i).
6
Let a be 2*(-1 - 9/(-6)). Let b = a - -1. Let h be 3 + (4/b - 0). Let m(r) = r. Determine m(h).
5
Let v(m) be the first derivative of -m**3/3 - 3*m**2/2 - 2*m + 2. Give v(3).
-20
Let d be -2 - (-6 - 1 - 3). Let s = -6 + d. Let x(t) = -2*t**2 + 3*t - 2. Determine x(s).
-4
Let t = 1 - -1. Let d(u) = u**3 + 5*u**2 + 2*u - 6. Let f be d(-3). Let j = t - f. Let a(o) = 2*o + 3. Give a(j).
-5
Let g(a) = -a. Let u(n) = -n + 4. Let d be u(-6). Let s = d - 7. Calculate g(s).
-3
Let o(h) = h - 4. Let d be o(3). Let u(i) be the second derivative of -5*i**3/3 - i**2/2 - 9*i. Calculate u(d).
9
Let v(d) = 2*d**3 + 9*d**2 - 5*d - 4. Let s(u) = -3*u**3 - 10*u**2 + 5*u + 3. Let l(y) = -3*s(y) - 4*v(y). Calculate l(5).
7
Suppose -2*g - 5 = -17. Let w(y) = 5*y - 8. Let p(n) = -4*n + 7. Let t(o) = g*w(o) + 7*p(o). Determine t(-3).
-5
Let z(v) = -5*v + 3. Suppose -6 = -3*x + 3. Let j = 3 - x. Let m be 1 - 1 - (j - 2). Determine z(m).
-7
Suppose 7*g - 6 = 4*g. Let v(f) be the first derivative of -2 - 8*f - 1/2*f**g. What is v(0)?
-8
Let h(c) = -c - 3. Let a = -12 + 2. Let p be 6/a - (-24)/(-10). Give h(p).
0
Let a(f) = 3 + 2*f**2 - 10*f + 5*f - 6. Determine a(4).
9
Let m(n) be the first derivative of n**4/4 - 2*n**3 - 4*n**2 + 2*n + 2. Let c be m(7). Let o(z) = z**3 + 6*z**2 + 5*z - 4. What is o(c)?
-4
Let j be 2/1 - (1 + -3). Let p(v) = 11*v - 3*v + 4 - 9*v. Determine p(j).
0
Suppose 2*t = -0*t + 12. Let z(b) = -2*b + 9. What is z(t)?
-3
Let d(q) be the third derivative of -q**5/60 - 7*q**4/24 + q**3/6 - 5*q**2. Let j(g) = -g**3 - 6*g**2 + 2*g + 5. Let s be j(-6). What is d(s)?
1
Let l(c) be the third derivative of -c**5/60 + c**4/8 - c**3 + 17*c**2. What is l(5)?
-16
Let p(l) = -5*l + 28 + 0*l**3 - 32 - 6*l**2 - l**3. What is p(-5)?
-4
Let q(k) = -k**3 + 6*k**2 - 5*k - 6. Let i = -6 - -11. Give q(i).
-6
Let p = 7 - 12. Let l(h) = h**2 + 5*h - 6. Calculate l(p).
-6
Let u(x) be the second derivative of -x**3/6 + 2*x**2 - 7*x. Determine u(0).
4
Let i(f) = -f - 6. Let j(g) = -1. Let v(s) = 2*i(s) - 10*j(s). Give v(2).
-6
Let r(o) = 4 + 2*o + 3 - 3 + 2. Suppose 2*y = -4*z, 0 = -4*y + 2*z - 25 + 5. Determine r(y).
-2
Let g be ((-6)/(-15))/(2/(-20)). Let u(i) = 3*i**2 + 25*i + 22. Let z(b) = 2*b**2 + 17*b + 15. Let j be 9 + (1 - 2) + -1. Let l(h) = j*z(h) - 5*u(h). Give l(g).
3
Let a(q) = -q + 8. Let i(z) = -2*z - 13. Let f be i(-9). Give a(f).
3
Let q(j) = -j**2 - 8*j - 1. Suppose -a - 10 = -3. What is q(a)?
6
Suppose i - 24 = 5*i. Let a(h) = -h - 8. What is a(i)?
-2
Let j(m) be the first derivative of 0*m**4 + 1/120*m**6 + 0*m + 0*m**2 - 1/840*m**7 + 1/60*m**5 + m**3 + 2. Let d(r) be the third derivative of j(r). Give d(3).
6
Let t(u) = 3 + 3*u - 4*u + 9. Let z(a) = a - 11. Let r(k) = -3*t(k) - 4*z(k). Let s = -659 - -665. What is r(s)?
2
Let f = 2 + 9. Let k(m) = 3 - 6*m - 10 + 2*m**2 - m**2. Let n(t) = -6*t**2 + 31*t + 36. Let g(l) = f*k(l) + 2*n(l). Calculate g(-4).
-5
Let s(c) be the first derivative of c**4/4 + 4*c**3/3 - 3*c**2/2 + 4*c + 4. What is s(-5)?
-6
Let x(a) = -a**3 - 4*a**2 + a + 1. Let u be x(-4). Let q(k) be the first derivative of k**4/4 + 2*k**3/3 - k**2 - 6. Calculate q(u).
-3
Let x(m) = 1 + 123*m + m**2 - 121*m + 0. Calculate x(-1).
0
Let w(d) be the first derivative of d**7/120 + d**6/360 + d**5/120 + d**4/24 + 10*d**3/3 - 2. Let z(i) be the third derivative of w(i). Calculate z(-1).
-6
Let k(q) = 5*q - 1. Suppose -2*b + 6*b = 12. Let i = b - 4. Determine k(i).
-6
Suppose -2*z + 5*r - 6 = 0, -3*r - 2*r = 10. Let v(p) = 2*p + 8. Calculate v(z).
-8
Let q(g) = -10*g**3 - 4*g**2 + 5*g. Let l(r) = -29*r**3 - 11*r**2 + 14*r. Let h(n) = 4*l(n) - 11*q(n). What is h(1)?
-5
Let l(n) be the second derivative of n**3 - 4*n - n**2 - 5*n**2 + 4*n**2 + 4*n**2. What is l(-3)?
-14
Let d(h) be the second derivative of -h**3/6 - h**2/2 + 2*h. Let q(f) = f + 8. Let l be q(-6). Give d(l).
-3
Let k(i) = 2*i**3 + i**2. Let o(t) = t - 13. Let w be o(12). What is k(w)?
-1
Suppose 0*j + j = 1. Let h(q) = 5*q - 7. Let n(l) = 1. Let z(y) = h(y) + 6*n(y). Calculate z(j).
4
Let z(a) = -a**3 + 4*a**2 + 8*a - 5. Suppose 5*b - b - 20 = 0. Suppose -2*l + 3*l - b = 0. Calculate z(l).
10
Let s = -2 + 7. Suppose 4 = -s*a - 1. Let b be 3/a*-1 - -2. Let l(p) = p**3 - 5*p**2. What is l(b)?
0
Suppose 2*m = -2*o - 4, 3*o + 2*o = 0. Suppose 0 = h + 4*h. Let g(t) = -3*t - t**2 - 1 + 0 + h*t - 2. Calculate g(m).
-1
Let w(h) be the second derivative of -h**7/2520 - h**6/720 + h**5/120 + h**4/12 + 2*h. Let l(n) be the third derivative of w(n). Calculate l(1).
-1
Let m(j) = 5*j**3 - 5*j**2 - 4*j + 11. Let n(o) = -o**3 + o - 1. Let b(f) = -m(f) - 6*n(f). Suppose -3*v - 7 = 8. What is b(v)?
5
Let g(a) = a**3 + 5*a**2 + 4. Let c(n) = -n**2 + 14*n + 27. Let p be c(16). Determine g(p).
4
Let t(f) = -11*f - 7. Let q(w) = 7*w + 5. Let b(k) = 8*q(k) + 5*t(k). Calculate b(-6).
-1
Let k = 9 - 6. Suppose -k*z - 6 = 6. Let f(t) = -2*t**2 - 5*t + 3. Give f(z).
-9
Let